{"id":588,"date":"2019-02-20T11:25:51","date_gmt":"2019-02-20T10:25:51","guid":{"rendered":"http:\/\/dev.meyco.eu\/meyco\/?page_id=588"},"modified":"2020-10-20T12:20:32","modified_gmt":"2020-10-20T10:20:32","slug":"impressum","status":"publish","type":"page","link":"https:\/\/www.meyco.eu\/home\/impressum\/","title":{"rendered":"Impressum"},"content":{"rendered":"\n<p><strong>Name und Sitz der Gesellschaft<\/strong><\/p>\n\n\n\n<p>Meyercordt GmbH<br>Im Wellenbuegel 1<br>32108 Bad Salzuflen<br>Deutschland<\/p>\n\n\n\n<p>Tel.: +49 (0) 5222 80712-0<br>Fax: +49 (0) 5222 80712-79<\/p>\n\n\n\n<p>E-Mail  : info@meyco.eu<br>Internet: www.meyco.eu<\/p>\n\n\n\n<p>Gesch\u00e4ftsf\u00fchrer: Erich Meyercordt \/ Max Meyercordt<br>Handelsregister: HRB 8752<br>Amtsgericht Lemgo<\/p>\n\n\n\n<p>Steuer-Nr.: 313-5772-1049<br>USt-ID: DE306983448<\/p>\n\n\n\n<p>Haftungshinweis: Trotz sorgf\u00e4ltiger inhaltlicher Kontrolle \u00fcbernehmen wir keine Haftung f\u00fcr die Inhalte externe Links. F\u00fcr den Inhalt der verlinkten Seiten sind ausschlie\u00dflich deren Betreiber verantwortlich.<\/p>\n\n\n\n<p>\u00a9 Copyright<br>F\u00fcr das gesamte Webdesign, alle Grafiken, bzw. jedes Layout und jeglichen Text liegt das Copyright \u00a9 2019 bei der Meyercordt GmbH. ALLE RECHTE VORBEHALTEN.<br>Alle anderen auf diesen Webseiten zitierten Warenzeichen, Produktmarken und Firmennamen bzw. Firmenlogos sind das alleinige Eigentum der jeweiligen Besitzer.<br>F\u00fcr die komplette Programmierung der Seiten und Entwicklung der Datenbank liegt das Copyright \u00a9 2019 bei der Meyercordt GmbH. ALLE RECHTE VORBEHALTEN.<\/p>\n","protected":false},"excerpt":{"rendered":"<p>Name und Sitz der Gesellschaft Meyercordt GmbHIm Wellenbuegel 132108 Bad SalzuflenDeutschland Tel.: +49 (0) 5222 80712-0Fax: +49 (0) 5222 80712-79 E-Mail : info@meyco.euInternet: www.meyco.eu Gesch\u00e4ftsf\u00fchrer: Erich Meyercordt \/ Max MeyercordtHandelsregister: HRB 8752Amtsgericht Lemgo Steuer-Nr.: 313-5772-1049USt-ID: DE306983448 Haftungshinweis: Trotz sorgf\u00e4ltiger inhaltlicher Kontrolle \u00fcbernehmen wir keine Haftung f\u00fcr die Inhalte externe Links. F\u00fcr den Inhalt der verlinkten&hellip; <br \/> <a class=\"read-more\" href=\"https:\/\/www.meyco.eu\/home\/impressum\/\">Read more<\/a><\/p>\n","protected":false},"author":2,"featured_media":2657,"parent":0,"menu_order":0,"comment_status":"closed","ping_status":"closed","template":"","meta":{"footnotes":""},"class_list":["post-588","page","type-page","status-publish","has-post-thumbnail","hentry"],"_links":{"self":[{"href":"https:\/\/www.meyco.eu\/home\/wp-json\/wp\/v2\/pages\/588","targetHints":{"allow":["GET"]}}],"collection":[{"href":"https:\/\/www.meyco.eu\/home\/wp-json\/wp\/v2\/pages"}],"about":[{"href":"https:\/\/www.meyco.eu\/home\/wp-json\/wp\/v2\/types\/page"}],"author":[{"embeddable":true,"href":"https:\/\/www.meyco.eu\/home\/wp-json\/wp\/v2\/users\/2"}],"replies":[{"embeddable":true,"href":"https:\/\/www.meyco.eu\/home\/wp-json\/wp\/v2\/comments?post=588"}],"version-history":[{"count":7,"href":"https:\/\/www.meyco.eu\/home\/wp-json\/wp\/v2\/pages\/588\/revisions"}],"predecessor-version":[{"id":1918,"href":"https:\/\/www.meyco.eu\/home\/wp-json\/wp\/v2\/pages\/588\/revisions\/1918"}],"wp:featuredmedia":[{"embeddable":true,"href":"https:\/\/www.meyco.eu\/home\/wp-json\/wp\/v2\/media\/2657"}],"wp:attachment":[{"href":"https:\/\/www.meyco.eu\/home\/wp-json\/wp\/v2\/media?parent=588"}],"curies":[{"name":"wp","href":"https:\/\/api.w.org\/{rel}","templated":true}]}}